635
Calculate the greatest common divisor of 36392 and 408.
8
Calculate the greatest common divisor of 242336 and 128.
32
Calculate the highest common factor of 18486 and 3900.
78
What is the greatest common factor of 276 and 35788?
92
What is the highest common factor of 357 and 19824?
21
What is the highest common divisor of 138970 and 1040?
130
What is the highest common factor of 40 and 141640?
40
Calculate the highest common factor of 26 and 90546.
2
Calculate the highest common divisor of 425 and 425.
425
What is the greatest common divisor of 113867 and 76?
19
Calculate the highest common divisor of 73668 and 60.
12
Calculate the greatest common factor of 23859 and 44.
11
Calculate the highest common divisor of 4181 and 5650.
113
What is the greatest common factor of 70824 and 1680?
24
Calculate the greatest common factor of 1919246 and 14.
14
Calculate the highest common divisor of 60 and 5131360.
20
What is the highest common divisor of 145 and 279995?
145
Calculate the greatest common factor of 926509 and 92.
23
What is the highest common factor of 18 and 646371?
9
What is the greatest common divisor of 4721986 and 2932?
1466
What is the highest common factor of 8840 and 88530?
130
What is the greatest common factor of 47142 and 3686?
194
Calculate the highest common factor of 76 and 2238409.
19
Calculate the greatest common divisor of 173479 and 849.
283
What is the highest common factor of 102 and 357012?
6
What is the highest common factor of 7030 and 194620?
370
What is the highest common divisor of 32937 and 6?
3
What is the highest common divisor of 923 and 5467?
71
Calculate the highest common divisor of 5 and 40190.
5
Calculate the highest common factor of 170514 and 54.
18
What is the greatest common divisor of 3520 and 33760?
160
Calculate the greatest common factor of 30990 and 6.
6
Calculate the highest common divisor of 88 and 10494.
22
Calculate the highest common divisor of 355 and 443040.
355
What is the greatest common factor of 1443354 and 1254?
1254
What is the greatest common factor of 1352 and 10062?
26
What is the greatest common factor of 55420 and 2720?
340
Calculate the greatest common divisor of 200 and 32576.
8
Calculate the highest common divisor of 365711 and 2056.
257
What is the highest common divisor of 5846896 and 22?
22
What is the highest common divisor of 92 and 5243678?
46
Calculate the highest common divisor of 10659 and 349809.
969
Calculate the greatest common factor of 4230 and 186390.
90
What is the highest common factor of 10 and 15420?
10
Calculate the highest common factor of 28 and 978.
2
Calculate the highest common divisor of 11610 and 40.
10
What is the greatest common factor of 1259460 and 132?
12
Calculate the highest common divisor of 345 and 11155.
115
Calculate the greatest common factor of 1408 and 1888.
32
Calculate the highest common factor of 162435 and 2457.
273
Calculate the greatest common factor of 50702 and 2510.
502
Calculate the greatest common divisor of 7271 and 143.
11
Calculate the highest common divisor of 3050 and 21716.
122
What is the greatest common factor of 36170 and 40?
10
Calculate the greatest common divisor of 2628 and 12888.
36
What is the highest common divisor of 4826 and 5928?
38
Calculate the greatest common factor of 42245 and 3045.
35
Calculate the greatest common divisor of 810 and 40338.
162
What is the highest common factor of 745 and 962391?
149
What is the highest common divisor of 276479 and 2667?
889
What is the greatest common factor of 986588 and 10?
2
What is the greatest common divisor of 390333 and 69?
69
Calculate the greatest common divisor of 120 and 8290.
10
Calculate the highest common factor of 59884 and 682.
22
Calculate the greatest common divisor of 357 and 969549.
21
Calculate the greatest common factor of 239 and 2396214.
239
Calculate the greatest common factor of 70495 and 23.
23
Calculate the greatest common factor of 814 and 638.
22
Calculate the greatest common divisor of 50605 and 203.
29
Calculate the highest common divisor of 78 and 9714.
6
Calculate the greatest common factor of 16896 and 1660416.
1536
What is the greatest common factor of 1598 and 423?
47
Calculate the greatest common factor of 108 and 802134.
18
Calculate the highest common divisor of 4041986 and 13.
13
What is the highest common factor of 5658 and 2208?
138
Calculate the greatest common divisor of 3569 and 2881.
43
Calculate the greatest common divisor of 224826 and 4823.
371
What is the greatest common factor of 947349 and 351?
351
What is the greatest common divisor of 337372 and 532?
28
What is the greatest common factor of 135172 and 42676?
188
Calculate the highest common factor of 1946505 and 29469.
1551
Calculate the greatest common divisor of 782 and 3332.
34
What is the highest common divisor of 67 and 571376?
67
What is the greatest common factor of 63 and 130557?
21
Calculate the greatest common divisor of 9 and 729657.
9
Calculate the greatest common factor of 21 and 3756.
3
Calculate the greatest common factor of 5283 and 224821.
587
What is the greatest common factor of 32 and 1047968?
32
Calculate the highest common divisor of 367153 and 2572.
643
What is the highest common factor of 183 and 5246915?
61
What is the highest common factor of 77130 and 75?
15
Calculate the highest common divisor of 245 and 2586661.
49
Calculate the highest common divisor of 4395 and 45.
15
What is the greatest common divisor of 16168 and 1410?
94
What is the highest common factor of 860 and 645?
215
What is the highest common factor of 44 and 174394?
22
Calculate the highest common factor of 75 and 1399605.
15
Calculate the highest common divisor of 103390 and 24500.
490
Calculate the greatest common factor of 96669 and 1656.
207
What is the greatest common divisor of 512736 and 6?
6
Calculate the greatest common divisor of 1558890 and 18.
18
What is the greatest common divisor of 444 and 5988?
12
Calculate the highest common divisor of 10578 and 1563781.
1763
What is the greatest common factor of 76 and 957182?
38
What is the highest common divisor of 21 and 141239?
7
Calculate the highest common divisor of 23579504 and 208.
208
What is the highest common divisor of 98 and 718?
2
Calculate the greatest common divisor of 220 and 37334.
22
Calculate the highest common divisor of 97485 and 1164.
291
Calculate the greatest common factor of 1586 and 9455.
61
Calculate the highest common divisor of 1094967 and 3204.
801
What is the greatest common factor of 104 and 125645?
13
What is the greatest common divisor of 533 and 1039883?
533
Calculate the greatest common divisor of 1552 and 19012.
388
Calculate the greatest common divisor of 1433772 and 90.
18
Calculate the highest common divisor of 516 and 321812.
172
Calculate the highest common divisor of 51155 and 273.
13
What is the highest common factor of 2112 and 117624?
24
Calculate the greatest common divisor of 13685 and 32361.
161
What is the greatest common factor of 11956 and 5684?
196
What is the highest common factor of 40 and 11970780?
20
Calculate the greatest common divisor of 1411 and 3071.
83
What is the greatest common factor of 58 and 225185?
29
Calculate the highest common factor of 1056 and 97350.
66
Calculate the greatest common divisor of 67116 and 31773.
357
What is the highest common factor of 62326 and 11?
11
Calculate the greatest common factor of 32809 and 218.
109
Calculate the greatest common factor of 414 and 353763.
207
Calculate the greatest common factor of 6 and 19038.
6
Calculate the greatest common divisor of 39469 and 12249.
1361
Calculate the highest common factor of 56 and 14016.
8
What is the highest common factor of 1845 and 139851?
369
Calculate the greatest common factor of 12635 and 164616.
361
Calculate the highest common divisor of 1388512 and 32.
32
What is the highest common divisor of 81000 and 6700?
100
What is the highest common factor of 1976 and 18848?
152
Calculate the greatest common factor of 148413 and 366.
183
What is the highest common factor of 17227 and 3703?
161
What is the highest common factor of 72 and 28629?
9
What is the highest common factor of 45 and 15359?
1
What is the greatest common divisor of 361868 and 52?
52
Calculate the highest